+ 3*d - 10 = -2*j, j - 2*d = 0. Let c be ((-1)/2)/((-1)/6). Suppose 9*q + 4*i = j*q + 817, c*q - i - 480 = 0. Is q composite?
True
Is 4 - ((-2)/4)/((-20)/(-2002120)) prime?
False
Let i be (20 - 1) + (6 - 3). Let f = -19 + i. Suppose -f*h + 18 = -0*h. Is h a prime number?
False
Suppose 17*a - 5*a = -132. Let f(t) = -t**3 - 8*t**2 + 24*t + 14. Is f(a) a prime number?
True
Let s(a) = 2*a**3 + 3*a**2 + 8*a - 11. Let t(b) = b**3 + 3*b**2 + 8*b - 10. Let k(y) = 4*s(y) - 5*t(y). Let h be k(5). Let o = -13 + h. Is o a composite number?
True
Let d be (1 + (-18)/12)/(1/(-598)). Let q = d - 158. Is q a prime number?
False
Let d = 25 + -22. Suppose -2*c - d*y = -163, -4*c = 4*y + y - 331. Is c composite?
False
Let p = -1166 + 612. Let x = p - -249. Let r = 642 + x. Is r a prime number?
True
Is 1/(40/(-200) - (-12972)/64810) composite?
False
Let p(z) = 2*z + 6. Suppose 4*u - 48 = -8. Let o be p(u). Suppose -g + o = -0*g. Is g composite?
True
Let v(u) be the third derivative of u**6/120 + u**5/60 + 17*u**3/2 - 18*u**2. Let q be -3 + 4/2 + 1. Is v(q) a prime number?
False
Let m = -503078 - -767277. Is m prime?
False
Let a(d) = 12*d**2 - 2*d - 13. Let o = -60 + 25. Let i = -29 - o. Is a(i) composite?
True
Let d(s) = 62*s - 3. Let t be d(4). Let r = 380 - t. Suppose 1112 = y + r. Is y a prime number?
True
Let j = -560 + 1011. Suppose p - 4*z - 591 = 0, -5*z = 3*p - 1407 - j. Is p composite?
True
Let n = -30 - -32. Suppose -644 = -n*i + 498. Is i a composite number?
False
Let s = 7815 + -2736. Is s a composite number?
True
Suppose 11*s - 6 = 8*s. Suppose 769 = 3*z - 5*d, 4*d = s*z + 2*z - 1020. Is z composite?
True
Let a(w) = 2*w - 19 - 3*w + 13*w**2 + 6*w + 21. Is a(3) prime?
False
Suppose 3*a + a = 20. Suppose -a*h + 10*h - 5435 = 0. Is h a prime number?
True
Let v(i) = -i + 6. Let n be v(3). Suppose -c - s + 369 = -170, 1597 = n*c - 2*s. Is c a prime number?
False
Suppose 1795 = 15*k + 160. Is k a composite number?
False
Is 4 - ((-240)/(-72))/((-2)/4023) a prime number?
True
Suppose -s + 3*s + 4*c - 30232 = 0, 3*s = -c + 45348. Is s/7 + (-12)/28 a composite number?
True
Let i(n) = 271*n**2 + 13*n + 8. Is i(-5) prime?
False
Let u be (-114)/(-36) + 2/(-12). Suppose -2531 + 776 = -u*b - 4*w, -w - 2321 = -4*b. Is b composite?
True
Let r be (6*-1)/((-8)/(-4)). Let v be (-44)/r*(-45)/(-6). Suppose -617 = -3*f - v. Is f a prime number?
False
Let g be (-4)/10 + (-53541)/135. Let n = 644 + g. Is n prime?
False
Let k be 1/((2/(-4))/(-1)). Suppose k*p - 113 = 21. Is p a prime number?
True
Let q be (-16)/12*(-4)/(32/(-98172)). Is (-2)/(-4)*(q/(-6) + -5) a prime number?
True
Suppose 0 = -3*z + 5*z - 502. Suppose -3*k + 5*b + 1758 = 0, k - 342 = 4*b + z. Is k a composite number?
True
Suppose s + 1138 = 3*v - 0*s, 5*v = -5*s + 1890. Let g = v - 120. Is g composite?
True
Suppose -4*a - 3*q - 6 = 0, -q + 1 = 2*a + 3. Suppose a = 4*d + d - 2945. Is d composite?
True
Let l = -110 - -319. Is l a prime number?
False
Let w be (2/(-2) - 1) + 197. Let r be (4/(-6))/((-8)/36). Suppose 5*p + 4*a - w = 0, -97 = -2*p - r*a - 12. Is p composite?
True
Suppose -4 = -4*g + v - 0*v, 3*g - 3*v + 6 = 0. Suppose -566 + 64 = -g*m. Is m a composite number?
False
Suppose 8*n = 77128 + 137024. Is n a prime number?
False
Let m(j) = 1009*j + 733. Is m(12) a prime number?
True
Let q = 450 - -6919. Is q composite?
False
Suppose 0 = -2*w - 3*t + 5*t, -3*t + 3 = -2*w. Suppose 11 = -3*x + 5*x + w*a, -3*a - 2 = x. Is x a composite number?
False
Let g = -642 - -13033. Is g composite?
False
Suppose 6995 = -7*h + 8*h + 3*i, 20985 = 3*h - 4*i. Is h a prime number?
False
Suppose 0 = -2*v + v + 2*h - 25, 0 = -3*h + 15. Is 365*3/(v/(-19)) prime?
False
Suppose 0 = -f + 5*f - 20900. Let t be 3/18 + f/(-30). Is (t/(-4))/(8/16) a composite number?
True
Let f = 8119 - 4626. Is f prime?
False
Let r(d) = -d**3 + 12*d**2 + 14*d - 1. Let m(g) = g**2 + 2*g - 2. Let v be m(-5). Let t be r(v). Let q = t - -541. Is q a composite number?
True
Let g(d) = 45*d**3 - 4*d**2 - 55*d + 107. Is g(2) a prime number?
False
Let b(g) = -5*g**3 - 32*g - 10. Is b(-11) a prime number?
True
Suppose 0*n + 5*n + f = 3, 0 = 5*f + 10. Is (1761 + (-8 - -4))/n a prime number?
False
Let b(y) = -2*y - 3. Let a be b(-3). Is ((-2)/a)/(18/(-9099)) a prime number?
True
Is (-79930)/(20/(-40)*2*2) prime?
False
Let f = 39 + 1032. Suppose b - 223 = 3*o, 2*o = 5*b - 2*o - f. Is b composite?
False
Let l = 15995 + 6707. Is l a prime number?
False
Let w(a) = -a**2 - 25*a - 43. Let p be w(-23). Is 11 + 1105 - (1 + 0/p) a prime number?
False
Let k = -5088 - -9991. Is k a composite number?
False
Suppose x = 3*m - 902, -m + 0*m + 3597 = -4*x. Let z = 252 - x. Is z composite?
False
Let z(n) = -6*n + 6*n**3 + 4*n + 6*n**2 + 0*n**3 - 3 - 7*n**3. Let g be z(5). Suppose -w + 2813 = 5*x + 2*w, -3*w = g. Is x a prime number?
False
Suppose -3*t = -4*t + 186. Suppose -2*n = -5*k - 777, 2*n + 3*k - t = 599. Is n composite?
True
Suppose 5*v = v + w + 20, -3*w = 3*v - 30. Suppose v*o + 471 = 7*o - 4*u, -3*u + 6 = 0. Is o a composite number?
False
Let f = -2649 - -11900. Suppose 3216 = -5*j + f. Is j prime?
False
Suppose 18*a = 16872 + 22260. Is a a prime number?
False
Let q be (0 + -2)/((-30)/(-15)). Is q/((-5)/2245*1) prime?
True
Suppose -19*v + 4*v = -717585. Is v a composite number?
True
Suppose 3*m - 5*m = -4. Suppose 3*o - 1008 = r, 0*o - 2*o - m*r + 680 = 0. Is o composite?
False
Let b(u) = -u**3 + 8*u**2 + 5*u + 16. Let d be b(7). Is d/36 - 1/(-9)*2 a composite number?
False
Suppose -6*q + 116443 = -45059. Is q a composite number?
True
Let v(u) = -485*u + 46. Is v(-11) a prime number?
True
Suppose 0 = 3*l - 5417 + 38. Is l composite?
True
Suppose -25*s = -0*s - 42950. Suppose -2*z + 310 = -1208. Let j = s - z. Is j composite?
True
Let s(i) = -i**2 + 5*i + 5. Let l be s(5). Let n be ((-4)/l)/(6/(-15)). Let q(f) = 32*f**2 + 3*f - 3. Is q(n) composite?
False
Suppose 8 = 3*u + u - 4*r, -u + 5*r = 6. Let w be (-11 + 2)/(-3) - -2823. Suppose -w = -u*k + 6*i - 4*i, -k - 5*i = -712. Is k composite?
True
Let i(t) = -2*t**3 + 51*t**2 + 17*t + 71. Is i(23) a prime number?
False
Let u(s) = -5*s + 0*s - 2*s - 2 + 5*s. Let g be u(-2). Suppose 0*h - 2*h + 6 = -g*f, -6 = -2*h - 3*f. Is h a composite number?
False
Suppose 4*n + 6*m - 18 = 3*m, 14 = n - 4*m. Is 1086 - (1 - (n - (-2 + 6))) a composite number?
False
Let x = 7 + -17. Let h = x + 20. Suppose h = -5*m, 3*r + m - 107 = -m. Is r composite?
False
Let v = -107 - -89. Is (-2679)/v + (-5)/(-30) prime?
True
Let j be (-3)/1*(-12)/9. Suppose -j*c = k - 318 - 3238, 3*c + 4*k = 2667. Is c a prime number?
False
Let q = 6 - 3. Let i be (-2 + -1)*7/(-21) + 267. Suppose j + q*j = i. Is j a composite number?
False
Let g = -5 + 8. Suppose 2*a = -g*a. Suppose 2*z = c - 65, 5*c - 3*z + 5*z - 289 = a. Is c a prime number?
True
Suppose -3*z = 5*a - 8, 0*a + 5*a = 20. Let u(q) = -5*q**3 - 2*q**2 - 6*q - 5. Is u(z) a prime number?
True
Let a be 1 + 6 + -3 - -11. Let d = a + 3. Suppose 14*i = d*i - 1788. Is i prime?
False
Let q = -1971 + 3281. Let f = q - 909. Is f a composite number?
False
Suppose -14*x = -12*x + 2. Let m(v) = -373*v - 2. Is m(x) prime?
False
Suppose 11611 = 10*l - 7*l - 4*f, -5*f = 5*l - 19410. Is l prime?
True
Suppose 4*y = 5*x + 26, 0 = -0*y - 4*y - 2*x + 12. Suppose 0 = 5*d - m + 28, 3*m + 8 = -y*d - m. Is 2*4 - d/(-5) composite?
False
Let u(w) = -2676*w + 3. Let f(k) = -1784*k + 2. Let g(d) = 8*f(d) - 5*u(d). Is g(-1) a composite number?
True
Suppose -k + 140 = o + 2*k, -3*o + 4*k = -407. Let b = o - -89. Is b a prime number?
False
Suppose b + b = -k - 4, -2*b + 2*k = -8. Suppose b*t + 5*t = 15. Suppose 85 = -3*c - t*v + 280, 5*c = -2*v + 337. Is c a prime number?
False
Suppose -j + 5*z + 9486 = 0, j + 2*z - 2913 - 6580 = 0. Is j a composite number?
False
Let y(q) = 37*q - 8. Is y(45) composite?
False
Let k(n) = -n**2 + 4*n - 6. Let q be k(4). Let f(t) = -74*t + 2. Is f(q) prime?
False
Let l = 83 + 46. Let k = l + -86. Is k a composite number?
False
Let t = -80857 + 139746. Is t composite?
False
Suppose 5*r = 1 - 41. Let x be r/2*2/4. Is 487*((-4)/x - 1) prime?
True
Let x = 42 + -29. Let c(k) = 3*k**2 - 18*k. Let l be c(x). Suppose -4*a + 3*a + 3*z = -98, 3*a = 2*z + l. Is a a composite number?
False
Suppose 10*u - 509 = 